 32*l = 3*m - 213195. What are the prime factors of m?
2, 109, 163
Suppose 4*o - 2344 + 44 = 0. Let v = 676 - o. What are the prime factors of v?
101
Suppose 0 = -9*a + 52 + 65. Let k(q) be the third derivative of q**5/60 - 5*q**4/12 + 17*q**3/6 + 2*q**2. List the prime factors of k(a).
2, 7
Let u(q) = 150*q**2 + 11*q + 77. List the prime factors of u(-6).
7, 773
Suppose 2*z + 19 = l, 2*l = -4*z - 17 + 71. Let i = 32 - l. Suppose -y = 2*s - 40, -4*y + i*y - 212 = 2*s. What are the prime factors of y?
2, 3, 7
Suppose 48020 - 9908 = 16*f. List the prime factors of f.
2, 3, 397
Let f = 4544 - 738. List the prime factors of f.
2, 11, 173
Let d(b) = -49*b + 76. Let a be (-3)/8 - 14/(1008/1125). What are the prime factors of d(a)?
2, 5, 43
Let u = -997 + 999. Suppose -u*d + 5*q + 1529 = -1802, 6587 = 4*d + 5*q. List the prime factors of d.
3, 19, 29
Let t(o) = 0*o**3 - 61 - 3*o**3 - 51*o**2 + o**3 + 0*o + 10*o. List the prime factors of t(-26).
5, 71
Suppose -j + 130 = -5*w, -5*w + 3*j - 87 = 53. What are the prime factors of 2628/15 - ((-140)/w)/(-7)?
2, 11
Suppose 5*i - 27 = 2*s, -2*i - 403 + 391 = 3*s. Let q(y) = -23 + 6*y**2 - y + 0*y**2 + 2*y. List the prime factors of q(s).
11, 17
Let l(n) = n**3 + 8*n**2 + 10*n - 12. Let x = -76 - -70. Let m be l(x). Suppose -2*f + m*f + 3*i = -245, -f + i + 123 = 0. What are the prime factors of f?
2, 31
Suppose -3*d = 4*j - 97857, 0 = -3*d + 38*j - 40*j + 97857. What are the prime factors of d?
3, 83, 131
Suppose -k - 3 = 5*h + 7, -k - 2*h - 1 = 0. Suppose -k*r - 3 = -4*r. List the prime factors of ((-130)/6)/(r/9).
5, 13
Suppose 4*p + 29 + 51 = 0. Let c be (-8)/p*(-4 - (-847 + -2)). Let f = c - 174. What are the prime factors of f?
2, 41
Let j = 880 + -573. Suppose 5*o - 3*o - 27 = -5*g, 5*o - 5*g = -20. What are the prime factors of o*j - (5 + (-15)/5)?
5, 61
Let a be (2 + -1)/(2/8). Suppose a*j = -5*d + 2219, -5*d - 547 = -j - 11. What are the prime factors of j?
19, 29
Suppose 2*p + 979 = 221. Let k = -1013 + 808. Let y = k - p. What are the prime factors of y?
2, 3, 29
Let p(s) = 191*s**2 + 15*s + 73. What are the prime factors of p(18)?
11, 5657
Let l = 5428 - 2295. What are the prime factors of l?
13, 241
Let k(v) = 8*v**2 - 12*v - 37. Let p be k(6). Suppose p*t - 7206 = 173*t. List the prime factors of t.
1201
Let x be 0/((90/(-5))/9). Suppose x = 2*q + 2*q - 1188. What are the prime factors of q?
3, 11
Suppose 0 = 2*i - 2*l - 126, 4*i - l + 25 - 283 = 0. Suppose -i - 15 = -5*f. What are the prime factors of f?
2
Suppose -3*h = 2*d + 2*h + 26, -4*d = -4*h - 4. Let n be (648/84)/(d/(-14)). Suppose 0 = g + 2*y - n, 164 = -3*g + 8*g + 2*y. What are the prime factors of g?
2
Let d(h) = 2*h + 15. Suppose -2*r = 4*c - 6, c - 1 - 3 = 0. Let s be d(r). Suppose -b + 4*b - 110 = -5*i, 0 = -b - s*i + 20. List the prime factors of b.
3, 5
Let i(w) = 2*w**3 + 190*w**2 - 7*w - 320. What are the prime factors of i(-95)?
3, 5, 23
Let d(k) = 19 + 3*k + k + k. Let l be d(-12). Let c = -6 - l. List the prime factors of c.
5, 7
Suppose -6*o = 23 + 13. List the prime factors of 5 + (519 - (-13 - o)).
3, 59
Let y(t) = -491*t + 1860. What are the prime factors of y(-18)?
2, 3, 1783
List the prime factors of (2540/(-16) + -7)*32/(-3).
2, 13, 17
Suppose 5*g - 3*g + 50 = -2*h, 0 = -3*g - 2*h - 71. Let q = g - -187. List the prime factors of q.
2, 83
Let q = -84 + 95. Let t = -8 + q. Suppose -48 = -z + 2*r - t*r, -3*z = -4*r - 158. What are the prime factors of z?
2, 5
What are the prime factors of 374/(-5 + -17) + 9501?
2, 2371
Suppose -7*q = -3*q - 8. Suppose -3*z + q + 7 = 0. What are the prime factors of z/(-12) + 879/12?
73
Let v(o) = 774*o**3 + o**2 + 4*o - 1. Let z be v(2). Suppose -4*n + i + 6258 = 1297, 5*n - z = 3*i. List the prime factors of n.
2, 5, 31
Let o be 3 - 22*(-1915)/10. Suppose 6*w - 14*w + o = 0. What are the prime factors of w?
17, 31
Let f = 55 - 50. Suppose f*g = g + 16. What are the prime factors of ((-2)/4)/(g/(-248))?
31
Suppose 0 = -2*q + 853 + 166 + 985. List the prime factors of q.
2, 3, 167
Let c = 20489 + -14763. List the prime factors of c.
2, 7, 409
Suppose -85*o = 122*o - 2331855. List the prime factors of o.
3, 5, 751
Suppose 34*q - 32*q = -5*o + 139, -132 = -2*q + 2*o. Let a = 31 + -52. Let k = a + q. What are the prime factors of k?
2, 23
Suppose -f = -4*f, 3*f + 30 = 3*z. Let l(k) = 2*k**2 - z*k + 27 + 14 - 1. What are the prime factors of l(14)?
2, 73
Suppose 45955 = -3*w + l + 125618, 5*w - l = 132771. What are the prime factors of w?
2, 11, 17, 71
Suppose 0 = -30*d + 34557 + 90153. List the prime factors of d.
4157
Let t(i) = 23*i - 34*i**2 - 1 + 35*i**2 - 19*i + 20*i**3. What are the prime factors of t(3)?
2, 5, 7
Suppose 50 = -35*t + 40*t. Suppose 3*u - 12 - t = -2*y, 0 = -3*y - 3. Suppose -5*k + 165 = 3*c - u*c, 0 = k - 4*c - 45. List the prime factors of k.
29
Suppose 19*p + 12*p - 196974 = 0. What are the prime factors of p?
2, 3, 353
Let h be (-9)/(-4) + (-3)/12. Suppose -h*m = 2*m - 12. Suppose -c - 14 = -3*l, l = -l + m*c + 14. What are the prime factors of l?
2
Let h be (6 - (-119)/(-42)) + 1/(-6). Suppose 2*o - h*o - 4 = 0. What are the prime factors of (-34)/(-8)*o/(-1)?
17
Let y(q) = 29*q**2 - 61*q + 1261. What are the prime factors of y(22)?
5, 2791
Suppose 0 = 3*x - 4*y - 10 - 0, 3*x = y + 7. List the prime factors of (3678/(-12))/((-1)/x).
613
Let t = 29 - 27. Let b(f) = -2 - 10*f**t - f**3 - 3*f**3 + 1 + 10*f + 3*f**3. What are the prime factors of b(-11)?
2, 5
Let f(h) = 2*h + 71. Let a be f(24). Let n = a - -233. List the prime factors of n.
2, 11
Suppose 2*f = 2*o + 1022, -5*f - 4*o = -3563 + 981. What are the prime factors of f?
2, 257
Suppose -b + 4124 = 3*p, 3*b + 8288 = 5*b - 4*p. What are the prime factors of b?
2, 11, 47
Let w = -145 + 152. Let a(y) = 8*y**2 - 10*y - 21. What are the prime factors of a(w)?
7, 43
Let g(k) = 185*k**2 + 32*k + 36. What are the prime factors of g(6)?
2, 3, 7, 41
Let g(c) = -5*c. Let l be 7/(-1) + 3 - -3. Let b be g(l). Suppose -5*z = -b*w - 210, 4*z - 3*w + w = 168. What are the prime factors of z?
2, 3, 7
Let o(z) = -16*z - 4. Let q be -2 - (9/6)/(3/(-18)). Suppose 0 = -6*v - q - 23. List the prime factors of o(v).
2, 19
Suppose 4*o - 213 = 5*y, 4*y - 256 = -3*o - 2*o. Let f(d) = -d**3 - 5*d**2 - 8*d - 31. Let g be f(-4). Let i = g + o. List the prime factors of i.
37
What are the prime factors of (3640 + 19 - -5) + 2 + -10?
2, 457
Suppose 1244 = n - 5*w - 22753, 0 = -n + 2*w + 23973. What are the prime factors of n?
23957
Let y be (-3)/(-4) - (-4628)/208. List the prime factors of 880/2*(y/(-4) - -10).
2, 5, 11, 17
Suppose 2*x + 14*m = 5*x - 67802, 113105 = 5*x - 3*m. List the prime factors of x.
2, 7, 101
Let d(m) = -m**2 - 2*m. Let w(t) = t - 22. Let v(u) = -5*d(u) + w(u). What are the prime factors of v(-11)?
2, 3, 7, 11
Suppose 2*d + 2*d = -156. Suppose -30*o - 22*o = -3432. Let p = d + o. List the prime factors of p.
3
Let b = 30 - 21. Suppose 10 = -b*t + 7*t. List the prime factors of (-173)/(-2) + t/10.
2, 43
Let t be 470/(1 + 4)*-2. Let s = 498 + t. What are the prime factors of s + (-1)/((-3)/(-9))?
307
Let z be (-1506)/(-8) + (-2)/8. Let v(a) = -5*a + 85. Let n be v(38). Let b = z + n. List the prime factors of b.
83
Let a(v) be the first derivative of v**4/6 + 13*v**3/6 - 6*v**2 - 11*v + 18. Let g(c) be the first derivative of a(c). What are the prime factors of g(8)?
2, 5, 11
Suppose 0 = 2*u - 5*a - 0*a - 11, 0 = -2*u + 2*a + 8. Let j be 1/(12/(-48)*(-4)/u). Suppose j*v + v = 352. What are the prime factors of v?
2, 11
Suppose 2*s + 8 = 4*b, 0*s + 4*s + 5*b - 36 = 0. Suppose -8*n + 5*n + 643 = -x, 0 = -4*n + s*x + 860. List the prime factors of n.
2, 107
Let h(f) = -f**3 - 4*f**2 - 7 - 3*f - 6 - 2*f. Let s(j) = -5*j**3 + 32*j - 33. Let u be s(1). List the prime factors of h(u).
89
Suppose -5*h + 451 = -109. Suppose 3*s + 58 = m, h = 2*m + 4*s - 9*s. Suppose r + 4*f = 44, 3*f - m = -r - 0*f. List the prime factors of r.
2, 13
Suppose -7*b = -13*b - 666. Let m = b - -578. List the prime factors of m.
467
What are the prime factors of 59715/10*(-108)/(-81)?
2, 3, 1327
Suppose f + 5*h = -39, -3*h - 2*h = 3*f + 157. Let x = -73 - f. List the prime factors of (-4)/14 - 1292/x.
2, 23
Let p = -28 + 246. Suppose 5*f - 